= -3*r + 44, 5*o = -0*r + r + 7. Calculate the remainder when 5 is divided by ((-1)/3)/((-3)/r).
1
Suppose 0*s + 6 = -3*s. Let i be ((-15)/(-9))/(s/6). What is the remainder when 11 is divided by 6/10 + (-12)/i?
2
Suppose 4*o + 5*u - 222 - 209 = 0, -o + 105 = 4*u. What is the remainder when o is divided by 28?
25
Let r(q) = q + 14. Let v be 21/6*(-6 + 4). Calculate the remainder when 19 is divided by r(v).
5
Suppose -r + 4 = 3*d, 0 = 4*d + 5*r - 29 + 9. Suppose d*m + 3*m - 87 = 0. What is the remainder when m is divided by 10?
9
Let q = 7 - -3. What is the remainder when q is divided by 6?
4
Suppose -20 = 4*d, -2*d + 5 + 1 = j. Calculate the remainder when 41 is divided by j.
9
Suppose 2*v = 24 - 8. Calculate the remainder when 29 is divided by v.
5
Suppose -27 = -16*q + 13*q. Calculate the remainder when 16 is divided by q.
7
Suppose 2*w = 32 + 20. Suppose w = 4*z + 2. Let t = -10 - -14. Calculate the remainder when z is divided by t.
2
Suppose -2 = -a + 4. Let l(q) = -2*q + 5 - q - q**3 + 9*q**2 - 4*q. Calculate the remainder when l(a) is divided by 24.
23
Suppose -5*b - 7 - 3 = 0. Let p = -8 - -6. Calculate the remainder when (-66)/p - (b - -1) is divided by 12.
10
Let z(r) = -r**3 - 5*r**2 + 11*r - 6. What is the remainder when 27 is divided by z(-7)?
12
Let p be (-2)/10 - 64/(-20). Let n be 6*((-10)/(-2) - p). Let z = n - -53. What is the remainder when z is divided by 22?
21
Suppose 0*f = -2*f + 58. Suppose -4*i - 3*n = -8, -6*n - 10 = -5*i - 2*n. Suppose -i*a = -3*a + 16. Calculate the remainder when f is divided by a.
13
Let x(h) be the second derivative of -4*h**3/3 + 2*h**2 + 3*h. Let g be x(9). Let k = g - -114. What is the remainder when k is divided by 12?
10
Let i(v) be the third derivative of -5*v**4/24 + 3*v**3 + 7*v**2. Calculate the remainder when i(-13) is divided by 17.
15
Let c(k) = k**3 - 8*k**2 + 7*k + 4. Let t be c(7). Suppose -j + 37 = t. Calculate the remainder when j is divided by 9.
6
Suppose 5*x = -3*w - 66, 7*w - 3*w + x + 71 = 0. Suppose 5*u + 3*q = 37, u + q + 17 = 3*u. Calculate the remainder when (0 + 1)*(5 - w) is divided by u.
6
Let d = -47 + 130. Calculate the remainder when d is divided by 21.
20
Calculate the remainder when 10953/39 + 11/((-858)/(-12)) is divided by 47.
46
Suppose i - 2*g = 2*i - 23, 0 = 2*i + 2*g - 38. What is the remainder when 29 is divided by i?
14
Let i(o) = o**3 - 3*o**2 + 2*o - 2. Calculate the remainder when 18 is divided by i(3).
2
Let p = 9 - 5. Suppose 4*k - 3*a - 33 = k, -p*k + 35 = 5*a. What is the remainder when 28 is divided by k?
8
Suppose 27 = 9*b - 6*b. Let m(d) = 3*d + 4. What is the remainder when m(7) is divided by b?
7
Suppose -71 + 8 = -7*c. What is the remainder when 35 is divided by c?
8
Let l be (-1)/(0 + (-1)/(-2)). Let b = l - -11. Calculate the remainder when 43 is divided by b.
7
Let f be (3 + 1)/(2/8). Let d = 27 - f. Calculate the remainder when (-82)/(-4) + (-4)/(-8) is divided by d.
10
Let p = 44 - 37. What is the remainder when 21 is divided by p?
0
Let w(x) = x**2 - x - 4. Suppose 0*c + 2*c + 6 = 0. Calculate the remainder when 15 is divided by w(c).
7
Calculate the remainder when 2694/21 - 6 - (-2)/(-7) is divided by 44.
34
Let a(g) = -2*g - 6. Let n be a(-8). Let i = n + 48. What is the remainder when i is divided by 15?
13
Let w(m) = 2*m**2 - 32*m + 1. Calculate the remainder when 68 is divided by w(17).
33
Suppose 2*l + 0*l = -2*o + 52, 0 = 3*o - 3*l - 60. Calculate the remainder when o is divided by (6/4)/(3/16).
7
Suppose 3*y = -y - 352. Let z = y - -126. What is the remainder when z is divided by 13?
12
Let f(b) = -b**2 + 5*b - 2. Let k be f(4). Calculate the remainder when k - 3*22/(-2) is divided by 9.
8
Suppose -4*w + 2*h + 36 = -2*h, 5*h - 5 = -5*w. Suppose 2*x - 24 = -x. Suppose x = -w*l + 23. What is the remainder when 7 is divided by l?
1
Let j = 332 + -213. Calculate the remainder when j is divided by 10.
9
Suppose -3*v + 17 = -22. Let w be (-6)/9 + (-112)/3. Calculate the remainder when v is divided by 1/4 + w/(-8).
3
Let a(t) = -2*t**3 - 8*t**2 - 3*t + 4. Calculate the remainder when a(-5) is divided by 18.
15
Let l(c) = 60*c**2 + c. Let x = -37 + 57. Calculate the remainder when l(-1) is divided by x.
19
Suppose 3*z - 19 = -3*x + x, 8 = z - x. Calculate the remainder when 10 is divided by z.
3
Let j(q) = q**2 + 15*q + 7. Let s be j(-15). Suppose -4*u = 16, -s*x = -3*x - 5*u - 44. Calculate the remainder when 27 is divided by x.
3
Suppose 7*j - 831 = 1101. What is the remainder when j is divided by 31?
28
Let u(x) = x + 7. Let s be u(-5). Let w be (10 - -2)/(s/(-122)). Calculate the remainder when 2/8 - w/16 is divided by 16.
14
Let p be 1 - 10/4*-2. Suppose f + p = -2*f. What is the remainder when 16 is divided by 1*(f - (-13 - -2))?
7
Let v be 1/(-1) - (-1 - -40). Let y = v + 59. Let c(w) = -w**3 + 6*w**2 - 3*w - 3. Calculate the remainder when y is divided by c(5).
5
Suppose 11 = 3*y - 4. Calculate the remainder when 12 is divided by y.
2
Calculate the remainder when (-4)/(-6)*4980/40 is divided by 19.
7
Let a(m) = -m**2 + 7*m - 7. Let q be a(5). Let t be (-49)/(-2) - q/6. Suppose 2*h + y - 48 = 15, h - t = y. What is the remainder when h is divided by 15?
14
Let c be (-2)/(-4)*0/6. Let i = c - -8. What is the remainder when 29 is divided by i?
5
Let z(o) = 2*o**3 + 1 + 1 + 6*o - 7*o**2 - o**3. Suppose -l + 4 = -2. What is the remainder when z(l) is divided by 1?
0
Suppose -82 = -5*y + 28. What is the remainder when 61 is divided by y?
17
Let s(j) be the second derivative of j**3/2 - 4*j**2 + 2*j. Calculate the remainder when 31 is divided by s(8).
15
Suppose 10*z = 5*z + 170. Let b(o) = o**3 + 7*o**2 + 7*o - 1. Let v be b(-5). Suppose 2*p + v = 50. What is the remainder when z is divided by p?
16
Let s = 0 - -1. Let f(v) = 24*v**2 - v + 1. Suppose 8*r = 2*b + 4*r - 34, -10 = 5*r. Calculate the remainder when f(s) is divided by b.
11
Suppose 6*p - p = 4*d - 9, 0 = d + p + 9. What is the remainder when (-1 - d)*(-682)/(-33) is divided by 16?
14
Suppose -4*b + b = -15. Suppose -w + 5*h - 18 = 0, 5 = 4*h - 7. What is the remainder when ((-8)/(-3))/((-1)/w) is divided by b?
3
Let h(n) = 10*n - 10. Let l be h(7). Suppose 76 + 45 = 4*u + 5*p, l = 2*u + 2*p. Suppose z + 120 = 9*z. What is the remainder when u is divided by z?
14
Let f(x) = 9*x**3 - 2*x**2 + x. Suppose -36 = -2*r - r. Suppose 0 = 2*n - r - 34. Calculate the remainder when n is divided by f(1).
7
Let a(p) = 2*p - 13. Let v(u) = 3*u - 14. Let g(o) = -4*a(o) + 3*v(o). What is the remainder when 32 is divided by g(7)?
15
Suppose -5*y - 10 = t - 35, 2*t - 30 = -5*y. Suppose -4*u = q - 65, t*u - 60 = u + 4*q. Suppose -3*p = -6*p + 138. What is the remainder when p is divided by u?
14
Let l(b) = b**3 - 6*b**2 - 3*b - 4. Let r be 0/(-1) + 4*5. Suppose r = 4*d - 8. Calculate the remainder when l(d) is divided by 13.
11
Let v(y) = -1. Let n(h) = 25*h**2 + 2. Let l(f) = n(f) + 3*v(f). What is the remainder when l(1) is divided by 13?
11
Suppose 5*v + 2*a - 229 = 0, -3*a = 3*v + 2*a - 145. Calculate the remainder when v is divided by 12.
9
Suppose -2*n + 57 = 3. Calculate the remainder when 295 is divided by n.
25
Suppose 5*n - 82 - 133 = 0. Let d(c) = 2*c**2 - 4*c - 1. Let f = 7 + -3. Calculate the remainder when n is divided by d(f).
13
Let r(m) = -m**3 - 9*m**2 - 7*m + 10. Let u be r(-8). What is the remainder when 21 is divided by 2 + u + 9 - 2?
10
Suppose 4*v - 207 = v. Let b = v + -46. What is the remainder when 89 is divided by b?
20
Suppose 4*a + 323 - 795 = 0. Calculate the remainder when a is divided by 40.
38
Suppose -3*v + 3*q + 33 = -0*q, v - 26 = -2*q. Calculate the remainder when 46 is divided by v.
14
Suppose 5*b - 215 = -a, b + 2*a + 54 = 2*b. Calculate the remainder when b is divided by 6.
2
Let b be -6*-4*(-3)/18. Let d be ((-5)/b)/(2/16). Let w = 9 + d. What is the remainder when w is divided by 10?
9
Calculate the remainder when 81 is divided by 42/(4 - (0 - -2)).
18
Suppose -4*y = 5*a - 82, -94 = -2*a - 3*a + 2*y. Suppose 5*u + a = 8*u. What is the remainder when 17 is divided by u?
5
Suppose 0 = -5*q - 5*h + 40, -4*q + 18 = 3*h - 11. Suppose 3*c - 53 + q = 0. What is the remainder when c is divided by 6?
4
Calculate the remainder when (-7)/((-63)/(-6))*-36 is